{"id":82,"date":"2026-01-26T16:12:30","date_gmt":"2026-01-26T16:12:30","guid":{"rendered":"https:\/\/divinavalle.com.br\/?page_id=82"},"modified":"2026-02-04T21:11:20","modified_gmt":"2026-02-04T21:11:20","slug":"sobre-nos","status":"publish","type":"page","link":"https:\/\/divinavalle.com.br\/?page_id=82","title":{"rendered":"Sobre n\u00f3s"},"content":{"rendered":"\t\t<div data-elementor-type=\"wp-page\" data-elementor-id=\"82\" class=\"elementor elementor-82\" data-elementor-post-type=\"page\">\n\t\t\t\t<div class=\"elementor-element elementor-element-b987113 e-flex e-con-boxed e-con e-parent\" data-id=\"b987113\" data-element_type=\"container\" data-settings=\"{&quot;background_background&quot;:&quot;classic&quot;}\">\n\t\t\t\t\t<div class=\"e-con-inner\">\n\t\t\t\t<div class=\"elementor-element elementor-element-0154568 elementor-widget__width-initial elementor-widget-mobile__width-initial elementor-widget elementor-widget-heading\" data-id=\"0154568\" data-element_type=\"widget\" data-widget_type=\"heading.default\">\n\t\t\t\t\t<h2 class=\"elementor-heading-title elementor-size-default\">Qualidade que <\/br>come\u00e7a na origem:  <\/br><span style=\"color: white\">Conhe\u00e7a a Divina Valle.<\/h2>\t\t\t\t<\/div>\n\t\t\t\t<div class=\"elementor-element elementor-element-5a025fd elementor-widget__width-initial elementor-widget-mobile__width-initial elementor-widget elementor-widget-text-editor\" data-id=\"5a025fd\" data-element_type=\"widget\" data-widget_type=\"text-editor.default\">\n\t\t\t\t\t\t\t\t\t<p>Trabalhamos com a padroniza\u00e7\u00e3o dos nossos produtos para entregar as melhores carnes, com cortes selecionados e um processo rigoroso, garantindo sempre a qualidade que voc\u00ea merece.<\/p>\t\t\t\t\t\t\t\t<\/div>\n\t\t\t\t\t<\/div>\n\t\t\t\t<\/div>\n\t\t<div class=\"elementor-element elementor-element-0416b01 e-flex e-con-boxed e-con e-parent\" data-id=\"0416b01\" data-element_type=\"container\" data-settings=\"{&quot;background_background&quot;:&quot;classic&quot;}\">\n\t\t\t\t\t<div class=\"e-con-inner\">\n\t\t<div class=\"elementor-element elementor-element-b0358d7 e-grid e-con-full e-con e-child\" data-id=\"b0358d7\" data-element_type=\"container\">\n\t\t<div class=\"elementor-element elementor-element-b50f85d e-con-full e-flex e-con e-child\" data-id=\"b50f85d\" data-element_type=\"container\">\n\t\t\t\t<div class=\"elementor-element elementor-element-dbda0f3 elementor-widget__width-initial elementor-widget-mobile__width-initial elementor-widget elementor-widget-heading\" data-id=\"dbda0f3\" data-element_type=\"widget\" data-widget_type=\"heading.default\">\n\t\t\t\t\t<h2 class=\"elementor-heading-title elementor-size-default\">Sobre n\u00f3s<\/h2>\t\t\t\t<\/div>\n\t\t\t\t<div class=\"elementor-element elementor-element-7709f4a elementor-widget__width-inherit elementor-widget-mobile__width-initial elementor-widget elementor-widget-text-editor\" data-id=\"7709f4a\" data-element_type=\"widget\" data-widget_type=\"text-editor.default\">\n\t\t\t\t\t\t\t\t\t<p>Fundada pela Agro Valle Agropecu\u00e1ria, nossa miss\u00e3o \u00e9 controlar cada detalhe da produ\u00e7\u00e3o para entregar carnes de qualidade e sabor incompar\u00e1veis.<br \/><br \/>Para garantir um padr\u00e3o superior e consistente, nosso processo \u00e9 100% verticalizado: os animais s\u00e3o confinados e finalizados em nossa pr\u00f3pria fazenda.<br \/><br \/>A base da nossa qualidade come\u00e7a na nutri\u00e7\u00e3o. <br \/>Plantamos e armazenamos o pr\u00f3prio milho que alimenta nosso gado, assegurando uma dieta rigorosamente controlada.<\/p>\t\t\t\t\t\t\t\t<\/div>\n\t\t\t\t<\/div>\n\t\t\t\t<div class=\"elementor-element elementor-element-a2de0eb elementor-widget elementor-widget-image\" data-id=\"a2de0eb\" data-element_type=\"widget\" data-widget_type=\"image.default\">\n\t\t\t\t\t\t\t\t\t\t\t\t\t\t\t<img fetchpriority=\"high\" decoding=\"async\" width=\"576\" height=\"416\" src=\"https:\/\/divinavalle.com.br\/wp-content\/uploads\/2026\/01\/divina-valle-produtos.webp\" class=\"attachment-large size-large wp-image-90\" alt=\"\" srcset=\"https:\/\/divinavalle.com.br\/wp-content\/uploads\/2026\/01\/divina-valle-produtos.webp 576w, https:\/\/divinavalle.com.br\/wp-content\/uploads\/2026\/01\/divina-valle-produtos-300x217.webp 300w\" sizes=\"(max-width: 576px) 100vw, 576px\" \/>\t\t\t\t\t\t\t\t\t\t\t\t\t\t\t<\/div>\n\t\t\t\t<\/div>\n\t\t\t\t<div class=\"elementor-element elementor-element-58226d9 elementor-hidden-tablet elementor-hidden-mobile elementor-widget elementor-widget-image\" data-id=\"58226d9\" data-element_type=\"widget\" data-widget_type=\"image.default\">\n\t\t\t\t\t\t\t\t\t\t\t\t\t\t\t<img decoding=\"async\" src=\"https:\/\/divinavalle.com.br\/wp-content\/uploads\/2026\/01\/divina-valle-produtos-2-1.webp\" title=\"divina-valle-produtos-2\" alt=\"divina-valle-produtos-2\" loading=\"lazy\" \/>\t\t\t\t\t\t\t\t\t\t\t\t\t\t\t<\/div>\n\t\t\t\t\t<\/div>\n\t\t\t\t<\/div>\n\t\t<div class=\"elementor-element elementor-element-7d0ed9f e-flex e-con-boxed e-con e-parent\" data-id=\"7d0ed9f\" data-element_type=\"container\" data-settings=\"{&quot;background_background&quot;:&quot;classic&quot;}\">\n\t\t\t\t\t<div class=\"e-con-inner\">\n\t\t<div class=\"elementor-element elementor-element-459eaad e-con-full e-flex e-con e-child\" data-id=\"459eaad\" data-element_type=\"container\">\n\t\t\t\t<div class=\"elementor-element elementor-element-cfb706f elementor-widget__width-initial elementor-widget-mobile__width-initial elementor-widget elementor-widget-heading\" data-id=\"cfb706f\" data-element_type=\"widget\" data-widget_type=\"heading.default\">\n\t\t\t\t\t<h2 class=\"elementor-heading-title elementor-size-default\">Nossa fazenda<\/h2>\t\t\t\t<\/div>\n\t\t\t\t<div class=\"elementor-element elementor-element-8282848 elementor-widget__width-inherit elementor-widget-mobile__width-initial elementor-widget elementor-widget-text-editor\" data-id=\"8282848\" data-element_type=\"widget\" data-widget_type=\"text-editor.default\">\n\t\t\t\t\t\t\t\t\t<p>Trabalhamos exclusivamente com bovinos da ra\u00e7a Angus. Para garantir a m\u00e1xima maciez, selecionamos apenas f\u00eameas, abatidas com at\u00e9 18 arrobas (aprox. 270 kg).<br \/><br \/>Nossos cordeiros de linhagem superior recebem uma alimenta\u00e7\u00e3o especial e diferenciada, desenvolvida em um projeto de pesquisa em parceria com a UFLA (Universidade Federal de Lavras).<br \/><br \/>Esse controle total resulta em cortes nobres que se tornaram sin\u00f4nimo de excel\u00eancia no Brasil. Hoje, atendemos chefs renomados, churrasqueiros apaixonados e amantes da boa gastronomia que buscam n\u00e3o apenas uma refei\u00e7\u00e3o, mas uma experi\u00eancia gastron\u00f4mica \u00fanica e incompar\u00e1vel.<\/p>\t\t\t\t\t\t\t\t<\/div>\n\t\t\t\t<div class=\"elementor-element elementor-element-b96099b elementor-widget__width-inherit elementor-widget-mobile__width-initial elementor-widget elementor-widget-text-editor\" data-id=\"b96099b\" data-element_type=\"widget\" data-widget_type=\"text-editor.default\">\n\t\t\t\t\t\t\t\t\t<p>Convidamos voc\u00ea a descobrir o prazer de saborear carnes que s\u00e3o, realmente, divinas.<\/p>\t\t\t\t\t\t\t\t<\/div>\n\t\t\t\t<\/div>\n\t\t<div class=\"elementor-element elementor-element-11459b8 e-con-full e-flex e-con e-child\" data-id=\"11459b8\" data-element_type=\"container\">\n\t\t\t\t<div class=\"elementor-element elementor-element-873f373 elementor-widget elementor-widget-image\" data-id=\"873f373\" data-element_type=\"widget\" data-widget_type=\"image.default\">\n\t\t\t\t\t\t\t\t\t\t\t\t\t\t\t<img decoding=\"async\" width=\"785\" height=\"537\" src=\"https:\/\/divinavalle.com.br\/wp-content\/uploads\/2026\/01\/fazenda-divina-valle.webp\" class=\"attachment-large size-large wp-image-93\" alt=\"\" srcset=\"https:\/\/divinavalle.com.br\/wp-content\/uploads\/2026\/01\/fazenda-divina-valle.webp 785w, https:\/\/divinavalle.com.br\/wp-content\/uploads\/2026\/01\/fazenda-divina-valle-300x205.webp 300w, https:\/\/divinavalle.com.br\/wp-content\/uploads\/2026\/01\/fazenda-divina-valle-768x525.webp 768w\" sizes=\"(max-width: 785px) 100vw, 785px\" \/>\t\t\t\t\t\t\t\t\t\t\t\t\t\t\t<\/div>\n\t\t\t\t<\/div>\n\t\t\t\t\t<\/div>\n\t\t\t\t<\/div>\n\t\t\t\t<\/div>\n\t\t","protected":false},"excerpt":{"rendered":"<p>Qualidade que come\u00e7a na origem: Conhe\u00e7a a Divina Valle. Trabalhamos com a padroniza\u00e7\u00e3o dos nossos produtos para entregar as melhores carnes, com cortes selecionados e um processo rigoroso, garantindo sempre a qualidade que voc\u00ea merece. Sobre n\u00f3s Fundada pela Agro Valle Agropecu\u00e1ria, nossa miss\u00e3o \u00e9 controlar cada detalhe da produ\u00e7\u00e3o para entregar carnes de qualidade [&hellip;]<\/p>\n","protected":false},"author":1,"featured_media":0,"parent":0,"menu_order":0,"comment_status":"closed","ping_status":"closed","template":"","meta":{"footnotes":""},"class_list":["post-82","page","type-page","status-publish","hentry"],"_links":{"self":[{"href":"https:\/\/divinavalle.com.br\/index.php?rest_route=\/wp\/v2\/pages\/82","targetHints":{"allow":["GET"]}}],"collection":[{"href":"https:\/\/divinavalle.com.br\/index.php?rest_route=\/wp\/v2\/pages"}],"about":[{"href":"https:\/\/divinavalle.com.br\/index.php?rest_route=\/wp\/v2\/types\/page"}],"author":[{"embeddable":true,"href":"https:\/\/divinavalle.com.br\/index.php?rest_route=\/wp\/v2\/users\/1"}],"replies":[{"embeddable":true,"href":"https:\/\/divinavalle.com.br\/index.php?rest_route=%2Fwp%2Fv2%2Fcomments&post=82"}],"version-history":[{"count":10,"href":"https:\/\/divinavalle.com.br\/index.php?rest_route=\/wp\/v2\/pages\/82\/revisions"}],"predecessor-version":[{"id":189,"href":"https:\/\/divinavalle.com.br\/index.php?rest_route=\/wp\/v2\/pages\/82\/revisions\/189"}],"wp:attachment":[{"href":"https:\/\/divinavalle.com.br\/index.php?rest_route=%2Fwp%2Fv2%2Fmedia&parent=82"}],"curies":[{"name":"wp","href":"https:\/\/api.w.org\/{rel}","templated":true}]}}